 3) to base 2
10010001110001111011
What is 1020222001201 (base 3) in base 13?
1a53b1
Convert -331215 (base 10) to base 3.
-121211100020
1491a (base 11) to base 12
10243
Convert 6077072 (base 10) to base 5.
3023431242
What is 34537 (base 8) in base 4?
3211133
Convert 183553 (base 11) to base 16.
450d3
Convert -3609a4 (base 11) to base 4.
-2023230222
64e0 (base 16) to base 15
79b9
Convert 2d270b (base 14) to base 3.
2222100222220
What is -144156 (base 7) in base 13?
-c8c1
51dd05 (base 16) to base 12
19688b1
What is -99771 (base 11) in base 4?
-203110201
What is -eac3a (base 15) in base 13?
-2012a4
What is -744074 (base 10) in base 4?
-2311222022
Convert -11111110001110110 (base 2) to base 5.
-13131131
Convert -127226 (base 8) to base 7.
-244206
-4065006 (base 7) to base 9
-821583
Convert 1955290 (base 11) to base 12.
1132519
What is 460101 (base 7) in base 3?
11011001100
-10542113 (base 7) to base 3
-1201122011022
Convert -999329 (base 10) to base 14.
-1c0289
What is 2283870 (base 10) in base 3?
11022000212210
1101011000011000100101 (base 2) to base 11
1a86473
-207414 (base 10) to base 6
-4240130
-10101111010110000 (base 2) to base 15
-1b901
Convert 445214540 (base 6) to base 10.
8089404
What is -24520606 (base 8) in base 7?
-64013024
-24876763 (base 9) to base 13
-26b8b2b
-1402242 (base 6) to base 3
-10222101122
Convert 10001111111101010011 (base 2) to base 10.
589651
-44ba5 (base 14) to base 7
-1263465
Convert 123004204 (base 7) to base 14.
1062404
What is -1383512 (base 10) in base 12?
-568788
What is -1c672 (base 16) in base 8?
-343162
Convert -3621460 (base 9) to base 13.
-539562
What is 4614120 (base 7) in base 16?
8c72a
20240350 (base 8) to base 4
100110003220
-113040415 (base 6) to base 12
-85610b
354075 (base 11) to base 10
561764
What is 7ba7b (base 16) in base 12?
205137
Convert -100211100112 (base 3) to base 8.
-571642
-314a4 (base 12) to base 14
-197ac
Convert 5721788 (base 9) to base 4.
23301023312
2dccc0 (base 14) to base 7
16455230
-109d7 (base 15) to base 9
-80444
What is 20010310101 (base 4) in base 16?
204d11
Convert 12634e (base 16) to base 11.
753429
985e12 (base 15) to base 2
11011101100010100011001
2220112220 (base 3) to base 14
16c24
What is 2820035 (base 9) in base 10?
1548428
22001120121 (base 3) to base 4
212232112
12a20b3 (base 13) to base 8
26264331
What is -35313225 (base 6) in base 7?
-12223322
What is -430500 (base 12) in base 9?
-1882580
Convert 32403015 (base 6) to base 12.
3a646b
What is 675a306 (base 11) in base 14?
180427d
-101523344 (base 6) to base 3
-10022211222001
What is 1088a2 (base 12) in base 15?
53305
What is 40475506 (base 8) in base 13?
1a05307
-a6fd3e (base 16) to base 14
-164c3a6
1001ec (base 16) to base 2
100000000000111101100
What is 5b10b (base 14) in base 2?
110110010100000111
Convert -241431 (base 5) to base 14.
-33c3
Convert afaa (base 16) to base 15.
d4d0
What is 5de37 (base 15) in base 16?
494aa
Convert -111200121000 (base 3) to base 9.
-450530
What is -5263613 (base 8) in base 2?
-101010110011110001011
1666a59 (base 11) to base 13
7834cb
What is 25504 (base 14) in base 12?
44b80
14424342 (base 7) to base 11
854650
Convert -33a80 (base 13) to base 2.
-10110111101110100
-20200121 (base 7) to base 5
-412241024
Convert 2003673 (base 8) to base 6.
15140231
753325 (base 9) to base 14
b96ad
What is 229a5 (base 13) in base 11?
4350a
-2c1cba3 (base 13) to base 3
-222122201011120
Convert -1591ac (base 15) to base 12.
-4238a6
-48b508 (base 13) to base 8
-6503670
Convert -1011001011101100101001 (base 2) to base 12.
-b94575
What is 110110000100011100 (base 2) in base 11?
141435
2056551 (base 7) to base 2
111100111100101010
What is 149463 (base 10) in base 3?
21121000200
What is -833739 (base 10) in base 14?
-179bab
Convert 211121130 (base 4) to base 10.
153180
Convert 105035112 (base 7) to base 5.
3112041042
What is 6a153c (base 13) in base 4?
21212113231
What is 2a02d (base 14) in base 10?
104313
Convert 638916 (base 12) to base 4.
11333120202
4cd28 (base 16) to base 8
1146450
Convert -1101110010000 (base 2) to base 7.
-26400
Convert 6064166 (base 8) to base 16.
186876
What is 770155 (base 10) in base 9?
1403407
Convert -2223312242 (base 5) to base 13.
-102798c
Convert 45a9 (base 14) to base 16.
2f49
Convert -52715 (base 11) to base 13.
-28c04
595b23 (base 14) to base 11
17a40a9
Convert -7bca0 (base 13) to base 5.
-24220002
14822 (base 14) to base 8
143456
-3200143 (base 5) to base 16
-cfb5
2766613 (base 9) to base 10
1520463
Convert -10110100100111110 (base 2) to base 9.
-150763
-232141041 (base 5) to base 4
-10000333212
What is 1a235 (base 16) in base 4?
122020311
-534143 (base 9) to base 16
-4da0c
-3145223 (base 6) to base 9
-254336
What is 1416165 (base 9) in base 10?
778712
Convert -2445100 (base 10) to base 8.
-11247454
What is -2d1d25 (base 16) in base 15?
-3d6056
Convert -7860 (base 14) to base 11.
-14744
-625084 (base 9) to base 2
-1011010100111000001
What is 308678 (base 10) in base 7?
2423636
Convert 57b83 (base 12) to base 16.
1cad3
What is -11001210001001 (base 3) in base 10?
-2160784
Convert 373790 (base 12) to base 2.
11011011001110011100
-228236 (base 9) to base 3
-20222021020
Convert -342301214 (base 5) to base 4.
-11310113000
What is 67642 (base 12) in base 16?
218d2
Convert 407b54 (base 16) to base 11.
2426a66
Convert 36375 (base 14) to base 13.
4835b
Convert -4130a5 (base 12) to base 3.
-1220220001122
What is -10121220020101 (base 3) in base 8?
-7263407
What is -1495a1 (base 14) in base 10?
-717305
Convert -636736 (base 8) to base 9.
-353371
Convert -10101010110001000111 (base 2) to base 10.
-699463
479aa (base 15) to base 11
146595
-b72664 (base 13) to base 5
-2044232030
What is 136641 (base 7) in base 13?
c021
-203545 (base 10) to base 14
-5426d
348736 (base 9) to base 13
74673
Convert -1275c0 (base 14) to base 2.
-10011011000010000100
What is 2022100022120 (base 3) in base 6?
42145110
What is -34143013 (base 5) in base 12?
-127343
What is 314166 (base 9) in base 6?
4000353
-513641 (base 7) to base 6
-1514232
223103 (base 7) to base 4
21221021
Convert 11200221111 (base 3) to base 8.
264576
What is -13686 (base 9) in base 2?
-10010001100000
Convert 550756 (base 13) to base 5.
1003004044
-10031033 (base 4) to base 3
-212122012
7465474 (base 11) to base 16
c880e5
What is -1b7303 (base 15) in base 14?
-26c77b
34464340 (base 7) to base 4
23202120112
Convert -4284013 (base 12) to base 3.
-212201212201120
-8b8c00 (base 13) to base 5
-1321212434
Convert 1fffc (base 16) to base 5.
13143233
100110111001000000010111 (base 2) to base 8
46710027
Convert 3d0b86 (base 15) to base 12.
b98883
Convert -261a2 (base 13) to base 4.
-101033031
-270a88a (base 11) to base 12
-169b187
Convert -5d183 (base 15) to base 5.
-34003343
What is 222002011202 (base 3) in base 6?
15000332
10130112333 (base 4) to base 11
7260a0
What is 311202021 (base 4) in base 16?
35889
-32333002301 (base 4) to base 14
-743809
Convert 1ab81 (base 14) to base 15.
152ba
3929a (base 12) to base 13
2976a
Convert -6043460 (base 7) to base 3.
-1100102012212
What is 100010100111110001 (base 2) in base 13?
4c715
5012240 (base 6) to base 16
39660
7a252 (base 11) to base 16
1c580
-10504015 (base 7) to base 13
-25a962
Convert -131132000 (base 4) to base 16.
-1d780
Convert -4044332224 (base 5) to base 8.
-37215630
Convert 32457 (base 10) to base 16.
7ec9
113db6b (base 14) to base 4
133112331303
Convert 688779 (base 12) to base 15.
230e20
Convert -d3a3 (base 15) to base 14.
-12411
Convert -21837b2 (base 12) to base 2.
-11000011000110010110110
What is -2d68a (base 16) in base 9?
-313120
Convert -100000010100000001 (base 2) to base 8.
-402401
Convert 173944 (base 10) to base 9.
284541
7497522 (base 10) to base 7
120504444
What is -1ad187 (base 14) in base 4?
-3221320103
Convert 2967711 (base 11) to base 5.
2300344403
What is 112012101102 (base 3) in base 5?
32420423
Convert -11001101110010110 (base 2) to base 9.
-170473
Convert -8585331 (base 10) to base 3.
-121011011212020
Convert 23020014 (base 5) to base 6.
4214120
Convert -14259a (base 12) to base 15.
-6989a
Convert c6c67 (base 15) to base 4.
2121330103
Convert -3028064 (base 12) to base 11.
-50a6931
Convert 31332120233 (base 4) to base 8.
15763057
-11413331 (base 5) to base 2
-11010